{"id":5,"date":"2015-12-29T13:05:33","date_gmt":"2015-12-29T13:05:33","guid":{"rendered":"http:\/\/www.fgh.stefankunz.ch\/?page_id=5"},"modified":"2024-11-05T16:25:51","modified_gmt":"2024-11-05T16:25:51","slug":"home","status":"publish","type":"page","link":"http:\/\/www.fgh.stefankunz.ch\/","title":{"rendered":"Home"},"content":{"rendered":"<p><span style=\"color: #999999;\">Die Feuerwerk-Gruppe-H\u00f6henacker hat sich aus einer Gruppe pyrotechnisch interessierter Familienv\u00e4ter gebildet, welche zusammen Feuerwerk abbrennen wollten. Anl\u00e4sslich unseres Nationalfeiertages wurde Geld zusammen gelegt, welches dann zum Einkauf von Grossfeuerwerk verwendet wurde.\u00a0Die anf\u00e4nglichen\u00a0&#8220;Bastelarbeiten&#8220; wurden immer professioneller und mittlerweile verf\u00fcgt die Gruppe \u00fcber zwei ausgebildete Feuerwerker mit Eidgen\u00f6ssischem Fachausweis, welche auch Grossfeuerwerk der Kategorie 4 abbrennen d\u00fcrfen. Auch die Z\u00fcndung wurde dauernd verbessert, so dass\u00a0neue Feuerwerke\u00a0mit modernster Elektronik gez\u00fcndet\u00a0werden und die Zeit der Feuerzeuge und Streichh\u00f6lzer der Vergangenheit angeh\u00f6ren. Immer noch gleich geblieben ist aber, dass verschieden Familien ihr 1. Augustfeuerwerk zusammen legen und gemeinsam ein Feuerwerk veranstalten. Da dies der Beringer Bev\u00f6lkerung nicht verborgen geblieben ist, pilgern jeweils am 1. August etliche Zuschauer an den H\u00f6henacker um dem Spektakel beizuwohnen. Erfreulich ist, dass etliche dieser Zuschauer den Veranstaltern eine Spende zukommen lassen und einige Beringer ihren Sponsorbeitrag sogar direkt auf das Feuerwerkkonto einzahlen. An dieser Stelle ein herzliches Dankesch\u00f6n an alle Sponsoren, ohne die ein Feuerwerk in dieser Gr\u00f6sse nicht m\u00f6glich w\u00e4re.<\/span><\/p>\n<p><span style=\"color: #999999;\">Auf Wunsch werden f\u00fcr Hochzeiten oder andere Feste auch individuelle Feuerwerke zusammen gestellt und durch unsere ausgebildeten Mitglieder zur gew\u00fcnschten Zeit professionell gez\u00fcndet. Rufen Sie uns an oder schreiben Sie uns Ihre W\u00fcnsche im Kontaktformular.<\/span><\/p>\n<p><span style=\"color: #999999;\">Feuerwerkkonto: BS Bank CH90 0685 8042 0276 6800 9<\/span><\/p>\n<p>&nbsp;<\/p>\n<p>&nbsp;<\/p>\n<p>&nbsp;<\/p>\n<p>&nbsp;<\/p>\n","protected":false},"excerpt":{"rendered":"<p>Die Feuerwerk-Gruppe-H\u00f6henacker hat sich aus einer Gruppe pyrotechnisch interessierter Familienv\u00e4ter gebildet, welche zusammen Feuerwerk abbrennen wollten. Anl\u00e4sslich unseres Nationalfeiertages wurde Geld zusammen gelegt, welches dann zum Einkauf von Grossfeuerwerk verwendet wurde.\u00a0Die anf\u00e4nglichen\u00a0&#8220;Bastelarbeiten&#8220; wurden immer professioneller und mittlerweile verf\u00fcgt die Gruppe \u00fcber zwei ausgebildete Feuerwerker mit Eidgen\u00f6ssischem Fachausweis, welche auch Grossfeuerwerk der Kategorie 4 abbrennen d\u00fcrfen.&hellip;<a href=\"http:\/\/www.fgh.stefankunz.ch\/\" class=\"button\">Weiterlesen <span class=\"screen-reader-text\">Home<\/span><\/a><\/p>\n","protected":false},"author":1,"featured_media":0,"parent":0,"menu_order":0,"comment_status":"closed","ping_status":"closed","template":"","meta":{"footnotes":""},"class_list":["post-5","page","type-page","status-publish","hentry"],"_links":{"self":[{"href":"http:\/\/www.fgh.stefankunz.ch\/index.php?rest_route=\/wp\/v2\/pages\/5","targetHints":{"allow":["GET"]}}],"collection":[{"href":"http:\/\/www.fgh.stefankunz.ch\/index.php?rest_route=\/wp\/v2\/pages"}],"about":[{"href":"http:\/\/www.fgh.stefankunz.ch\/index.php?rest_route=\/wp\/v2\/types\/page"}],"author":[{"embeddable":true,"href":"http:\/\/www.fgh.stefankunz.ch\/index.php?rest_route=\/wp\/v2\/users\/1"}],"replies":[{"embeddable":true,"href":"http:\/\/www.fgh.stefankunz.ch\/index.php?rest_route=%2Fwp%2Fv2%2Fcomments&post=5"}],"version-history":[{"count":13,"href":"http:\/\/www.fgh.stefankunz.ch\/index.php?rest_route=\/wp\/v2\/pages\/5\/revisions"}],"predecessor-version":[{"id":56,"href":"http:\/\/www.fgh.stefankunz.ch\/index.php?rest_route=\/wp\/v2\/pages\/5\/revisions\/56"}],"wp:attachment":[{"href":"http:\/\/www.fgh.stefankunz.ch\/index.php?rest_route=%2Fwp%2Fv2%2Fmedia&parent=5"}],"curies":[{"name":"wp","href":"https:\/\/api.w.org\/{rel}","templated":true}]}}