{"id":9,"date":"2015-12-29T13:06:26","date_gmt":"2015-12-29T13:06:26","guid":{"rendered":"http:\/\/www.fgh.stefankunz.ch\/?page_id=9"},"modified":"2024-11-05T16:26:10","modified_gmt":"2024-11-05T16:26:10","slug":"jassturnier","status":"publish","type":"page","link":"http:\/\/www.fgh.stefankunz.ch\/?page_id=9","title":{"rendered":"Jassturnier"},"content":{"rendered":"<h4><span style=\"color: #ff0000;\">Jassturnier<\/span><\/h4>\n<p><span style=\"color: #ffffff;\"><span style=\"color: #999999;\">Eine weitere Einnahmequelle f\u00fcr das j\u00e4hrlich stattfindende 1. August Feuerwerk ist ein Jassturnier, bei welchem der gesamte Erl\u00f6s ins jeweils n\u00e4chste Feuerwerk fliesst. Dieses Jassturnier zeichnet sich dadurch aus, dass keine verbissenen Jasser aus der Ferne anreisen, sondern der Rahmen eher Famili\u00e4r und mit Spielern aus der Region ist. Auch die abgegebenen Preise sind eher symbolischer Natur und werden haupts\u00e4chlich mit Werbegeschenken der einheimischen Unternehmen abgedeckt. Trotz der freundschaftlichen Atmosph\u00e4re wird nat\u00fcrlich eine Rangliste erstellt und sogar eine Bestenliste s\u00e4mtlicher Turniere gef\u00fchrt.<\/span><\/span><\/p>\n<p><span style=\"color: #ff0000; font-size: 35.2px; font-weight: bold;\">Das n\u00e4chste Jassturnier findet am F<\/span><span style=\"color: #ff0000; font-size: 2.2rem; font-weight: bold;\">reitag 15. November 2024 statt<\/span><\/p>\n<p>&nbsp;<\/p>\n<p>&nbsp;<\/p>\n<p>&nbsp;<\/p>\n<p>&nbsp;<\/p>\n<p>&nbsp;<\/p>\n<p>&nbsp;<\/p>\n<p>&nbsp;<\/p>\n","protected":false},"excerpt":{"rendered":"<p>Jassturnier Eine weitere Einnahmequelle f\u00fcr das j\u00e4hrlich stattfindende 1. August Feuerwerk ist ein Jassturnier, bei welchem der gesamte Erl\u00f6s ins jeweils n\u00e4chste Feuerwerk fliesst. Dieses Jassturnier zeichnet sich dadurch aus, dass keine verbissenen Jasser aus der Ferne anreisen, sondern der Rahmen eher Famili\u00e4r und mit Spielern aus der Region ist. Auch die abgegebenen Preise sind&hellip;<a href=\"http:\/\/www.fgh.stefankunz.ch\/?page_id=9\" class=\"button\">Weiterlesen <span class=\"screen-reader-text\">Jassturnier<\/span><\/a><\/p>\n","protected":false},"author":1,"featured_media":0,"parent":0,"menu_order":0,"comment_status":"closed","ping_status":"closed","template":"","meta":{"footnotes":""},"class_list":["post-9","page","type-page","status-publish","hentry"],"_links":{"self":[{"href":"http:\/\/www.fgh.stefankunz.ch\/index.php?rest_route=\/wp\/v2\/pages\/9","targetHints":{"allow":["GET"]}}],"collection":[{"href":"http:\/\/www.fgh.stefankunz.ch\/index.php?rest_route=\/wp\/v2\/pages"}],"about":[{"href":"http:\/\/www.fgh.stefankunz.ch\/index.php?rest_route=\/wp\/v2\/types\/page"}],"author":[{"embeddable":true,"href":"http:\/\/www.fgh.stefankunz.ch\/index.php?rest_route=\/wp\/v2\/users\/1"}],"replies":[{"embeddable":true,"href":"http:\/\/www.fgh.stefankunz.ch\/index.php?rest_route=%2Fwp%2Fv2%2Fcomments&post=9"}],"version-history":[{"count":17,"href":"http:\/\/www.fgh.stefankunz.ch\/index.php?rest_route=\/wp\/v2\/pages\/9\/revisions"}],"predecessor-version":[{"id":57,"href":"http:\/\/www.fgh.stefankunz.ch\/index.php?rest_route=\/wp\/v2\/pages\/9\/revisions\/57"}],"wp:attachment":[{"href":"http:\/\/www.fgh.stefankunz.ch\/index.php?rest_route=%2Fwp%2Fv2%2Fmedia&parent=9"}],"curies":[{"name":"wp","href":"https:\/\/api.w.org\/{rel}","templated":true}]}}